v. What are the prime factors of v?
2, 23
Suppose 5*n - 77374 = -16*x + 14*x, -8*n - 3*x = -123798. What are the prime factors of n?
2, 3, 2579
Suppose 6*u = 4*u + 2*n + 8824, 0 = 5*u - 4*n - 22054. List the prime factors of u.
2, 2203
Let b = 52260 + -17806. List the prime factors of b.
2, 7, 23, 107
Let k = 546 - 387. Suppose -529 - k = -4*r. Suppose -4*w = 2*g - 3*g - r, 0 = 2*w - 3*g - 86. List the prime factors of w.
43
Let r be (-5 - (-4 - 1))/(0 + -1). Suppose r*s + s = -3*d + 1022, -s - d + 1024 = 0. What are the prime factors of s?
5, 41
Let r(a) = -18*a - 192. Let s(j) = -j**3 + 2*j**2 + 2*j - 22. Let n be s(0). What are the prime factors of r(n)?
2, 3, 17
Let q(s) = -270*s - 154. List the prime factors of q(-12).
2, 1543
Let g(u) = -500*u - 35. Let s(l) = -125*l - 9. Let b(d) = 4*g(d) - 15*s(d). Let w be b(-4). List the prime factors of 1/2*3 + w/18.
29
Suppose -96 = -2*g - 68. Suppose g*k = 1651 + 3963. List the prime factors of k.
401
Let s = 40563 - 20991. List the prime factors of s.
2, 3, 7, 233
What are the prime factors of (-9568)/24*(-6 + 3)?
2, 13, 23
Suppose 3*i - 5*g + 452 - 3163 = 0, 2704 = 3*i + 2*g. Suppose -4*q = -2*a + i, -24 = 3*q - 9. List the prime factors of a.
3, 7
Let y(q) = 16*q - 444. Let n be y(28). Let t(u) = -20*u + 10. Let r(h) = -21*h + 11. Let a(i) = 3*r(i) - 4*t(i). What are the prime factors of a(n)?
61
Let n(p) = 3321*p - 1047. List the prime factors of n(5).
2, 3, 2593
Suppose -9*j = -6*j + 3660. Let s = j - -1993. What are the prime factors of s?
773
Suppose 4*a = 66 - 70, -5*p + 51697 = -2*a. List the prime factors of p.
7, 211
Suppose -b + 5*b + 2*d = -58, -2*b + d - 19 = 0. Let v(p) = -2*p - 22. Let l be v(b). List the prime factors of l*(675/10 - 4).
127
What are the prime factors of -6991*(11 + (-221)/17)?
2, 6991
Let l(p) = -5*p + 12*p**2 - 3 + p**2 + 0*p + 2*p. Let v be l(-3). Suppose -v - 31 = -2*h. What are the prime factors of h?
7, 11
Suppose 0*k + 23 = v + k, 4*v = 3*k + 85. List the prime factors of (-229866)/(-429) - (-4)/v.
2, 67
Let q = -534 - 290. Let s = 1553 + q. List the prime factors of s.
3
Let c = -715 - -12901. List the prime factors of c.
2, 3, 677
What are the prime factors of 17/(68/117440) + (-15)/(45/24)?
2, 3, 1223
Let y be -7 - 256/(4/(-2)). What are the prime factors of (17 + (1 - 8))*y?
2, 5, 11
What are the prime factors of -20 + 31261 + 25 - -23?
67, 467
Let x = -4 + 15. Let l(u) = -u**3 + 10*u**2 + 11*u + 4. Let y be l(x). Suppose -5*o = -2*r - 84, 4*o - 62 = -y*r + 3*r. List the prime factors of o.
2
Let l be 4/(-18) + (-47)/(-9). Suppose l*y + 10 = -2*b + 4, -y = -b - 3. Suppose y = -0*m + 5*m - 25. List the prime factors of m.
5
Suppose 948*g + 5001270 = 1230*g. List the prime factors of g.
5, 3547
Let t(m) = -4*m**3 - 7*m**2 + 4. Suppose 3*v - 5*v - 10 = 0. What are the prime factors of t(v)?
7, 47
Let d(l) be the first derivative of 165*l**4/2 - 3*l**2/2 + 2*l - 18. What are the prime factors of d(1)?
7, 47
Let z(c) be the second derivative of -95*c**3/3 + 11*c**2/2 + 29*c. List the prime factors of z(-2).
17, 23
Suppose 2*i + 7 - 13 = 0. Let x be (4 + 0 - i) + 58. Let n = -35 + x. What are the prime factors of n?
2, 3
Let z(j) = -6*j + 52. Let t be z(6). Let s = t + -14. Suppose 19 = s*w - 69. List the prime factors of w.
2, 11
Let i = 15129 - 10464. List the prime factors of i.
3, 5, 311
Let g(i) be the third derivative of -i**4/3 + 41*i**3/3 - 38*i**2. Let n be g(24). Let v = n - -122. What are the prime factors of v?
2, 3
Suppose -o = i - 34578, -3*i = -64 + 70. List the prime factors of o.
2, 5, 7, 13, 19
Let l = -57430 + 92916. What are the prime factors of l?
2, 11, 1613
Let r(y) = 817*y**3 - 10*y**2 + 14*y - 12. Let q(o) = -1226*o**3 + 14*o**2 - 21*o + 18. Let h(k) = -5*q(k) - 7*r(k). List the prime factors of h(1).
2, 103
Suppose 5*u + 4*g = 10937, -4*u + 7304 + 1442 = 2*g. Suppose 4*s - 5631 = f, -4*s + 3*f + 3452 = -u. What are the prime factors of s?
3, 7, 67
Let k = 51389 + -30599. List the prime factors of k.
2, 3, 5, 7, 11
Let x = 0 + 2. Suppose 0 = 3*u - u + 4*s - 4, x*u - 3*s = -17. Let k(g) = g**3 + 7*g**2 - 3. What are the prime factors of k(u)?
3, 5
Let z be (-2)/1 - (16 + -14). Let b(r) = -69*r + 19. What are the prime factors of b(z)?
5, 59
Suppose 389*c - 7073246 = -2621919. List the prime factors of c.
11443
Suppose 7*n = -7*n - 196. Let a = 67 - n. List the prime factors of a.
3
Suppose -2 = 3*o + 2*q, 3*o - 2*q - 4 = -2. Suppose 5*p + 2*n = 2492, o = 2*n + n - 3. What are the prime factors of p?
2, 3, 83
Suppose -51 - 299 = 14*p. Let z be (1/((-15)/p))/(2/6). Suppose -2*v + z*q = 3*v - 1510, -306 = -v + 5*q. What are the prime factors of v?
7, 43
Let m(r) = 8*r**2 + 4*r + 2. Let t be m(-1). Suppose 15*u - 66 = -t. Suppose a = s - u*a - 133, 4*s + a = 553. What are the prime factors of s?
2, 3, 23
What are the prime factors of (-870)/(-290) - 1*-8359?
2, 37, 113
Let x = 1691 - 3427. Let p = -1063 - x. Suppose 4*v = -2*q - q + p, 2*v + q - 335 = 0. List the prime factors of v.
2, 83
Let q(u) = -u**2 + 18*u - 74. Let k be q(11). Suppose -k = -85*z + 82*z, 4*z = -5*i + 4334. List the prime factors of i.
2, 433
Let o = -125 + 129. Let x(g) = 12*g**3 - 11*g**2 + 61*g + 1. List the prime factors of x(o).
3, 31
Let d(r) = -r + 4. Let t be d(2). Suppose -a = 4*k - 989, 0*k - t*k + 490 = -4*a. What are the prime factors of k?
13, 19
Let h = 12416 + -10568. What are the prime factors of h?
2, 3, 7, 11
Suppose -2*w + 35 = 25. Suppose -2*g - w*v = -16, -2*g - 2*v + 1 = -9. Suppose 3*x + 2*x - 536 = -g*o, -4*o = 5*x - 713. List the prime factors of o.
3, 59
List the prime factors of 2 + -3 + 3 + 5 + 19*25.
2, 241
What are the prime factors of (-10415)/(-4) - 147/196?
19, 137
Suppose -5*h - 14*h + 2964 = 0. Suppose 200 = 2*s - h. List the prime factors of s.
2, 89
Let n = 120014 + -74360. List the prime factors of n.
2, 3, 7, 1087
Suppose 3*b - 2 = -2*p + 3*p, 0 = b + 3*p - 14. Suppose 6*s = b - 14. List the prime factors of s/(3/((-1956)/8)).
163
Suppose -34513148 = -909*m + 250*m. List the prime factors of m.
2, 13093
Suppose -126*x = -123*x - 411. Let q be (6/(-8))/((-1)/4). Suppose 0 = q*o - 190 - x. List the prime factors of o.
109
Suppose -93 = -f - 4. Let c = 129 - f. Suppose c = 6*h - h - l, 4*l - 8 = -4*h. What are the prime factors of h?
7
Let q(n) = 20*n**2 + 35*n + 1001. List the prime factors of q(-24).
11681
Let s(q) = -2*q - 24. Let t = 36 + -47. Let v be s(t). What are the prime factors of v - -2 - -4 - -99?
103
Suppose 48037 + 19824 = 3*x + 2*c, -4*c - 28 = 0. List the prime factors of x.
5, 181
What are the prime factors of 31/310 - (-60829)/10?
7, 11, 79
Let f(x) = -x**3 - 6*x**2 + 10*x + 6. Let j(k) = -2*k**3 - 11*k**2 + 18*k + 11. Let n(g) = 9*f(g) - 5*j(g). Suppose -v = v - 4. List the prime factors of n(v).
11
List the prime factors of (-2 + 4 - -4) + (11 - -44078 - 6).
44089
Suppose x - 3*k - 445 = 0, 3*k = 5*x - 2*x - 1311. Suppose 0 = 2*s - x + 113. What are the prime factors of s?
2, 5
Let j(f) = f + 51. Let d be j(-9). Suppose -d*r + 63576 - 15738 = 0. What are the prime factors of r?
17, 67
Let t be (6/2)/(12/2104). What are the prime factors of 3*(t - (-5 + -4))?
3, 5, 107
Let v = -21728 + 27756. List the prime factors of v.
2, 11, 137
Let n(a) = 24*a**3 - 3*a**2 + 3*a - 6. Let x(g) = -10*g - 8*g + 18*g**2 - 2*g - 17 + g**3. Let s be x(-19). What are the prime factors of n(s)?
2, 3, 5
Suppose 4*c - 35 = 3*s, 4*s + 9 = 4*c - 35. Let f be ((-15)/2)/(((-27)/8)/s). Let l(q) = q**3 + 19*q**2 - 23*q + 20. List the prime factors of l(f).
2, 5
Suppose 0 = 4*j - 6*j + 142. Suppose 13*y + 96 = 746. Suppose -j = -h + y. List the prime factors of h.
11
Let n(f) be the third derivative of f**4/3 - 10*f**3/3 + 6*f**2. Let q be (-2)/4*((-3 - -4) + -39). What are the prime factors of n(q)?
2, 3, 11
Suppose 0 = -2*n + 3*f + 887, 1810 - 31 = 4*n - f. Let h = -131 + n. List the prime factors of h.
2, 157
Let h(o) = o**3 - 42*o**2 - 99*o + 111. List the prime factors of h(47).
7, 929
Let z = -766 + 866. List the prime factors of -2*(-10)/(z/15) - -421.
2, 53
Suppose 11*o + 856 = -101. Let m = o - -64. Let b(t) = -t - 15. What are the prime factors of b(m)?
2
Let b(a) = 111*a**2 + 3. Let i be b(-2). Let w = i - 132. List the prime fa